{"id":941,"date":"2022-07-04T10:20:06","date_gmt":"2022-07-04T08:20:06","guid":{"rendered":"https:\/\/sam-sante.org\/?page_id=941"},"modified":"2026-02-04T14:26:41","modified_gmt":"2026-02-04T13:26:41","slug":"service-de-prevention","status":"publish","type":"page","link":"https:\/\/ugessap.org\/?page_id=941","title":{"rendered":"le service de pr\u00e9vention"},"content":{"rendered":"\n<div class=\"wp-block-media-text alignwide is-stacked-on-mobile\" style=\"grid-template-columns:15% auto\"><figure class=\"wp-block-media-text__media\"><img loading=\"lazy\" width=\"605\" height=\"806\" src=\"https:\/\/sam-sante.org\/wp-content\/uploads\/2022\/06\/Image2.jpg\" alt=\"\" class=\"wp-image-839 size-full\" srcset=\"https:\/\/ugessap.org\/wp-content\/uploads\/2022\/06\/Image2.jpg 605w, https:\/\/ugessap.org\/wp-content\/uploads\/2022\/06\/Image2-225x300.jpg 225w\" sizes=\"(max-width: 605px) 100vw, 605px\" \/><\/figure><div class=\"wp-block-media-text__content\">\n<p><strong>Bilans de sant\u00e9 pr\u00e9ventifs<br>(et r\u00e9ponses curatives)<\/strong><\/p>\n\n\n\n<p style=\"font-size:18px\">Le contexte n\u00e9cessite souvent la projection de nos \u00e9quipes m\u00e9dicalis\u00e9es au sein d\u2019\u00e9tablissements et services sociaux et m\u00e9dico-sociaux (<strong>ESSMS<\/strong>) ou d&rsquo;h\u00f4tels. <em><a rel=\"noreferrer noopener\" href=\"https:\/\/ugessap.org\/?page_id=930\" data-type=\"URL\" data-id=\"https:\/\/ugessap.org\/?page_id=930\" target=\"_blank\">lire la suite<\/a><\/em><br><\/p>\n<\/div><\/div>\n\n\n\n<hr class=\"wp-block-separator\"\/>\n\n\n\n<div class=\"wp-block-media-text alignwide is-stacked-on-mobile\" style=\"grid-template-columns:15% auto\"><figure class=\"wp-block-media-text__media\"><img loading=\"lazy\" width=\"605\" height=\"806\" src=\"https:\/\/sam-sante.org\/wp-content\/uploads\/2022\/06\/Image1.jpg\" alt=\"\" class=\"wp-image-838 size-full\" srcset=\"https:\/\/ugessap.org\/wp-content\/uploads\/2022\/06\/Image1.jpg 605w, https:\/\/ugessap.org\/wp-content\/uploads\/2022\/06\/Image1-225x300.jpg 225w\" sizes=\"(max-width: 605px) 100vw, 605px\" \/><\/figure><div class=\"wp-block-media-text__content\">\n<p><strong>Actions de pr\u00e9vention et de r\u00e9duction des risques (RDR)<\/strong><\/p>\n\n\n\n<p style=\"font-size:18px\"><em>En cours d\u2019ing\u00e9nierie<\/em><\/p>\n<\/div><\/div>\n\n\n\n<hr class=\"wp-block-separator\"\/>\n\n\n\n<div class=\"wp-block-media-text alignwide is-stacked-on-mobile\" style=\"grid-template-columns:17% auto\"><figure class=\"wp-block-media-text__media\"><img loading=\"lazy\" width=\"605\" height=\"454\" src=\"https:\/\/sam-sante.org\/wp-content\/uploads\/2022\/06\/Image4.jpg\" alt=\"\" class=\"wp-image-841 size-full\" srcset=\"https:\/\/ugessap.org\/wp-content\/uploads\/2022\/06\/Image4.jpg 605w, https:\/\/ugessap.org\/wp-content\/uploads\/2022\/06\/Image4-300x225.jpg 300w\" sizes=\"(max-width: 605px) 100vw, 605px\" \/><\/figure><div class=\"wp-block-media-text__content\">\n<p><strong>Sport-Sant\u00e9<\/strong><\/p>\n\n\n\n<p style=\"font-size:18px\">site en construction, <em><a rel=\"noreferrer noopener\" href=\"https:\/\/ugessap.org\/?page_id=946\" data-type=\"URL\" data-id=\"https:\/\/ugessap.org\/?page_id=946\" target=\"_blank\">lire la suite<\/a><\/em><\/p>\n<\/div><\/div>\n\n\n\n<hr class=\"wp-block-separator\"\/>\n\n\n\n<div class=\"wp-block-media-text alignwide is-stacked-on-mobile\" style=\"grid-template-columns:17% auto\"><figure class=\"wp-block-media-text__media\"><img loading=\"lazy\" width=\"605\" height=\"454\" src=\"https:\/\/sam-sante.org\/wp-content\/uploads\/2022\/06\/Image3.jpg\" alt=\"\" class=\"wp-image-840 size-full\" srcset=\"https:\/\/ugessap.org\/wp-content\/uploads\/2022\/06\/Image3.jpg 605w, https:\/\/ugessap.org\/wp-content\/uploads\/2022\/06\/Image3-300x225.jpg 300w\" sizes=\"(max-width: 605px) 100vw, 605px\" \/><\/figure><div class=\"wp-block-media-text__content\">\n<p><strong>D\u00e9pistages<\/strong><\/p>\n\n\n\n<p style=\"font-size:18px\">site en construction,\u00a0<em><a rel=\"noreferrer noopener\" href=\"https:\/\/ugessap.org\/?page_id=951\" data-type=\"URL\" data-id=\"https:\/\/ugessap.org\/?page_id=951\" target=\"_blank\">lire la suite<\/a><\/em><\/p>\n<\/div><\/div>\n","protected":false},"excerpt":{"rendered":"<p>Bilans de sant\u00e9 pr\u00e9ventifs(et r\u00e9ponses curatives) Le contexte n\u00e9cessite souvent la projection de nos \u00e9quipes m\u00e9dicalis\u00e9es au sein d\u2019\u00e9tablissements et services sociaux et m\u00e9dico-sociaux (ESSMS) ou d&rsquo;h\u00f4tels. lire la suite Actions de pr\u00e9vention et de r\u00e9duction des risques (RDR) En cours d\u2019ing\u00e9nierie Sport-Sant\u00e9 site en construction, lire la suite D\u00e9pistages site en construction,\u00a0lire la suite<\/p>\n","protected":false},"author":1,"featured_media":0,"parent":0,"menu_order":0,"comment_status":"closed","ping_status":"closed","template":"","meta":[],"_links":{"self":[{"href":"https:\/\/ugessap.org\/index.php?rest_route=\/wp\/v2\/pages\/941"}],"collection":[{"href":"https:\/\/ugessap.org\/index.php?rest_route=\/wp\/v2\/pages"}],"about":[{"href":"https:\/\/ugessap.org\/index.php?rest_route=\/wp\/v2\/types\/page"}],"author":[{"embeddable":true,"href":"https:\/\/ugessap.org\/index.php?rest_route=\/wp\/v2\/users\/1"}],"replies":[{"embeddable":true,"href":"https:\/\/ugessap.org\/index.php?rest_route=%2Fwp%2Fv2%2Fcomments&post=941"}],"version-history":[{"count":14,"href":"https:\/\/ugessap.org\/index.php?rest_route=\/wp\/v2\/pages\/941\/revisions"}],"predecessor-version":[{"id":1105,"href":"https:\/\/ugessap.org\/index.php?rest_route=\/wp\/v2\/pages\/941\/revisions\/1105"}],"wp:attachment":[{"href":"https:\/\/ugessap.org\/index.php?rest_route=%2Fwp%2Fv2%2Fmedia&parent=941"}],"curies":[{"name":"wp","href":"https:\/\/api.w.org\/{rel}","templated":true}]}}